{"id":588,"date":"2019-11-07T06:59:06","date_gmt":"2019-11-07T04:59:06","guid":{"rendered":"http:\/\/www.hohenberg.info\/wordpress\/?page_id=588"},"modified":"2026-01-07T12:41:50","modified_gmt":"2026-01-07T12:41:50","slug":"burgweihnacht","status":"publish","type":"page","link":"https:\/\/stadt-hohenberg.de\/index.php\/kultur\/feste\/burgweihnacht\/","title":{"rendered":"Burgweihnacht"},"content":{"rendered":"<p style=\"text-align: justify;\"><img loading=\"lazy\" decoding=\"async\" class=\"alignright wp-image-3659\" src=\"https:\/\/stadt-hohenberg.de\/wp-content\/uploads\/2021\/04\/Weihnachtsbaum-nah.jpg\" alt=\"\" width=\"193\" height=\"257\" srcset=\"https:\/\/stadt-hohenberg.de\/wp-content\/uploads\/2021\/04\/Weihnachtsbaum-nah.jpg 1000w, https:\/\/stadt-hohenberg.de\/wp-content\/uploads\/2021\/04\/Weihnachtsbaum-nah-225x300.jpg 225w, https:\/\/stadt-hohenberg.de\/wp-content\/uploads\/2021\/04\/Weihnachtsbaum-nah-768x1024.jpg 768w\" sizes=\"(max-width: 193px) 100vw, 193px\" \/>Am 05. Dezember 2026 ab 14.00 Uhr ist es wieder so weit, die Hohenberger Burgweihnacht \u00f6ffnet ihre Pforten. Um den mit Porzellan geschm\u00fcckten Christbaum reihen sich die schmucken H\u00e4uschen, es riecht nach Weihnachtsgeb\u00e4ck und dampfenden Gl\u00fchwein.<\/p>\n<p style=\"text-align: justify;\">An Verkaufsst\u00e4nden gibt es neben hei\u00dfen Getr\u00e4nken und Naschereien viel Sch\u00f6nes und Gebasteltes f\u00fcr das Weihnachtfest.<\/p>\n<p style=\"text-align: justify;\">Der Hohenberger Weihnachtsmarkt ist zu allererst ein Ort der Begegnungen, an dem man in Ruhe, ohne Dr\u00e4ngeleien miteinender plaudern und sich auf Weihnachten einstimmen kann. Wir w\u00fcnschen allen Besuchern aus Nah und Fern ein paar besinnliche und friedliche Stunden auf unserem wundersch\u00f6nen Weihnachtsmarkt am Fu\u00dfe der illuminierten Burg.<\/p>\n<p><img loading=\"lazy\" decoding=\"async\" class=\" wp-image-3660 aligncenter\" src=\"https:\/\/stadt-hohenberg.de\/wp-content\/uploads\/2021\/04\/Weihnachtsmarkt.jpg\" alt=\"\" width=\"447\" height=\"297\" srcset=\"https:\/\/stadt-hohenberg.de\/wp-content\/uploads\/2021\/04\/Weihnachtsmarkt.jpg 1000w, https:\/\/stadt-hohenberg.de\/wp-content\/uploads\/2021\/04\/Weihnachtsmarkt-300x200.jpg 300w, https:\/\/stadt-hohenberg.de\/wp-content\/uploads\/2021\/04\/Weihnachtsmarkt-768x511.jpg 768w\" sizes=\"(max-width: 447px) 100vw, 447px\" \/><\/p>\n<p style=\"text-align: justify;\">Der Arbeitskreis \u201eWeihnachtsmarkt\u201c freut sich auf ihren Besuch und hei\u00dft sie herzlich Willkommen in Hohenberg a. d. Eger!<\/p>\n","protected":false},"excerpt":{"rendered":"<p>Am 05. Dezember 2026 ab 14.00 Uhr ist es wieder so weit, die Hohenberger Burgweihnacht \u00f6ffnet ihre Pforten. Um den mit Porzellan geschm\u00fcckten Christbaum reihen sich die schmucken H\u00e4uschen, es riecht nach<a class=\"moretag\" href=\"https:\/\/stadt-hohenberg.de\/index.php\/kultur\/feste\/burgweihnacht\/\">Read More&#8230;<\/a><\/p>\n","protected":false},"author":1,"featured_media":0,"parent":540,"menu_order":2,"comment_status":"closed","ping_status":"closed","template":"","meta":{"footnotes":"","_links_to":"","_links_to_target":""},"class_list":["post-588","page","type-page","status-publish","hentry"],"_links":{"self":[{"href":"https:\/\/stadt-hohenberg.de\/index.php\/wp-json\/wp\/v2\/pages\/588"}],"collection":[{"href":"https:\/\/stadt-hohenberg.de\/index.php\/wp-json\/wp\/v2\/pages"}],"about":[{"href":"https:\/\/stadt-hohenberg.de\/index.php\/wp-json\/wp\/v2\/types\/page"}],"author":[{"embeddable":true,"href":"https:\/\/stadt-hohenberg.de\/index.php\/wp-json\/wp\/v2\/users\/1"}],"replies":[{"embeddable":true,"href":"https:\/\/stadt-hohenberg.de\/index.php\/wp-json\/wp\/v2\/comments?post=588"}],"version-history":[{"count":11,"href":"https:\/\/stadt-hohenberg.de\/index.php\/wp-json\/wp\/v2\/pages\/588\/revisions"}],"predecessor-version":[{"id":4625,"href":"https:\/\/stadt-hohenberg.de\/index.php\/wp-json\/wp\/v2\/pages\/588\/revisions\/4625"}],"up":[{"embeddable":true,"href":"https:\/\/stadt-hohenberg.de\/index.php\/wp-json\/wp\/v2\/pages\/540"}],"wp:attachment":[{"href":"https:\/\/stadt-hohenberg.de\/index.php\/wp-json\/wp\/v2\/media?parent=588"}],"curies":[{"name":"wp","href":"https:\/\/api.w.org\/{rel}","templated":true}]}}