{"id":3234,"date":"2021-02-12T12:33:32","date_gmt":"2021-02-12T10:33:32","guid":{"rendered":"http:\/\/www.hohenberg.info\/wordpress\/?page_id=3234"},"modified":"2026-03-30T13:15:51","modified_gmt":"2026-03-30T13:15:51","slug":"rundwanderweg-2","status":"publish","type":"page","link":"https:\/\/stadt-hohenberg.de\/index.php\/tourismus\/rundwanderwege\/rundwanderweg-2\/","title":{"rendered":"Rundwanderweg 2"},"content":{"rendered":"<h4 style=\"text-align: justify;\"><strong>\u00dcber die Schirndinger Stra\u00dfe und Wei\u00dfenbachstra\u00dfe zur B303, Richtung Fischern und \u00fcber die Carolinenquelle zur\u00fcck zum Burgplatz<\/strong><\/h4>\n<p><img loading=\"lazy\" decoding=\"async\" class=\"alignleft size-medium wp-image-4528\" src=\"https:\/\/stadt-hohenberg.de\/wp-content\/uploads\/2025\/10\/R2-300x210.jpeg\" alt=\"\" width=\"300\" height=\"210\" srcset=\"https:\/\/stadt-hohenberg.de\/wp-content\/uploads\/2025\/10\/R2-300x210.jpeg 300w, https:\/\/stadt-hohenberg.de\/wp-content\/uploads\/2025\/10\/R2.jpeg 670w\" sizes=\"(max-width: 300px) 100vw, 300px\" \/><a href=\"https:\/\/stadt-hohenberg.de\/wp-content\/uploads\/gpx\/allgemein\/R2_FGV Hohenberg-Rundwanderweg2.gpx\" target=\"_blank\" rel=\"noopener\"><img loading=\"lazy\" decoding=\"async\" class=\"alignleft wp-image-4533\" src=\"https:\/\/stadt-hohenberg.de\/wp-content\/uploads\/2025\/10\/R2gpx.jpeg\" alt=\"\" width=\"100\" height=\"97\" \/><\/a><a href=\"https:\/\/www.hohenberg-tourismus.de\/point-of-interest\/\" target=\"_blank\" rel=\"noopener\"><img loading=\"lazy\" decoding=\"async\" class=\"alignleft wp-image-4540\" src=\"https:\/\/stadt-hohenberg.de\/wp-content\/uploads\/2025\/10\/POI_logo-1-300x300.png\" alt=\"\" width=\"100\" height=\"100\" srcset=\"https:\/\/stadt-hohenberg.de\/wp-content\/uploads\/2025\/10\/POI_logo-1-300x300.png 300w, https:\/\/stadt-hohenberg.de\/wp-content\/uploads\/2025\/10\/POI_logo-1-150x150.png 150w, https:\/\/stadt-hohenberg.de\/wp-content\/uploads\/2025\/10\/POI_logo-1.png 512w\" sizes=\"(max-width: 100px) 100vw, 100px\" \/><\/a><\/p>\n<p>&nbsp;<\/p>\n<p>&nbsp;<\/p>\n<p>&nbsp;<\/p>\n<p>&nbsp;<\/p>\n<p>&nbsp;<\/p>\n<div id=\"attachment_3548\" style=\"width: 410px\" class=\"wp-caption alignright\"><img loading=\"lazy\" decoding=\"async\" aria-describedby=\"caption-attachment-3548\" class=\"wp-image-3548\" src=\"https:\/\/stadt-hohenberg.de\/wp-content\/uploads\/2021\/04\/IMG_1662-scaled.jpg\" alt=\"\" width=\"400\" height=\"267\" srcset=\"https:\/\/stadt-hohenberg.de\/wp-content\/uploads\/2021\/04\/IMG_1662-scaled.jpg 2560w, https:\/\/stadt-hohenberg.de\/wp-content\/uploads\/2021\/04\/IMG_1662-300x200.jpg 300w, https:\/\/stadt-hohenberg.de\/wp-content\/uploads\/2021\/04\/IMG_1662-1024x683.jpg 1024w, https:\/\/stadt-hohenberg.de\/wp-content\/uploads\/2021\/04\/IMG_1662-768x512.jpg 768w, https:\/\/stadt-hohenberg.de\/wp-content\/uploads\/2021\/04\/IMG_1662-1536x1024.jpg 1536w, https:\/\/stadt-hohenberg.de\/wp-content\/uploads\/2021\/04\/IMG_1662-2048x1365.jpg 2048w\" sizes=\"(max-width: 400px) 100vw, 400px\" \/><p id=\"caption-attachment-3548\" class=\"wp-caption-text\">Ein Blick ins benachbarte B\u00f6hmen&#8230;<\/p><\/div>\n<p style=\"text-align: justify;\">Den Burgplatz in s\u00fcdlicher Richtung verlassend, f\u00fchrt der Weg entlang der Schirndinger Stra\u00dfe vorbei an der markanten \u201eFriedenseiche\u201c bis zur Einm\u00fcndung der Wei\u00dfenbachstra\u00dfe. Dieser bergab vorbei an Speditionsgeb\u00e4uden folgend, gelangt man weiter geradeaus auf die alte, ansteigende Ortsverbindungsstra\u00dfe in Richtung Schirnding bis zur Trasse der B303. Links abbiegend f\u00fchrt der Weg oberhalb entlang der B303 zur Gemeindestra\u00dfe Richtung Fischern. Von der Schirndinger H\u00f6he bis hierher und auch auf dem Weiterweg sind weite Ausblicke ins Nachbarland m\u00f6glich. Kurz vor dem Ortseingang von Fischern gelangt man links, entlang der Teerstra\u00dfe, Richtung Hohenberg und biegt zu Beginn des Anstieges rechts zur Carolinenquelle ab. Durch den Naturpark Kocherrangen hinauf f\u00fchrt der Fu\u00dfweg wieder zur\u00fcck zum Burgplatz.<\/p>\n<p><a href=\"https:\/\/v.bayern.de\/KwLRH\" target=\"_blank\" rel=\"noopener\"><img loading=\"lazy\" decoding=\"async\" class=\"alignright wp-image-3855 size-large\" src=\"https:\/\/stadt-hohenberg.de\/wp-content\/uploads\/2022\/02\/karte_rw2-1024x559.jpg\" alt=\"\" width=\"1024\" height=\"559\" srcset=\"https:\/\/stadt-hohenberg.de\/wp-content\/uploads\/2022\/02\/karte_rw2-1024x559.jpg 1024w, https:\/\/stadt-hohenberg.de\/wp-content\/uploads\/2022\/02\/karte_rw2-300x164.jpg 300w, https:\/\/stadt-hohenberg.de\/wp-content\/uploads\/2022\/02\/karte_rw2-768x419.jpg 768w, https:\/\/stadt-hohenberg.de\/wp-content\/uploads\/2022\/02\/karte_rw2.jpg 1430w\" sizes=\"(max-width: 1024px) 100vw, 1024px\" \/><\/a><\/p>\n<p>&nbsp;<\/p>\n","protected":false},"excerpt":{"rendered":"<p>\u00dcber die Schirndinger Stra\u00dfe und Wei\u00dfenbachstra\u00dfe zur B303, Richtung Fischern und \u00fcber die Carolinenquelle zur\u00fcck zum Burgplatz &nbsp; &nbsp; &nbsp; &nbsp; &nbsp; Den Burgplatz in s\u00fcdlicher Richtung verlassend, f\u00fchrt der Weg entlang<a class=\"moretag\" href=\"https:\/\/stadt-hohenberg.de\/index.php\/tourismus\/rundwanderwege\/rundwanderweg-2\/\">Read More&#8230;<\/a><\/p>\n","protected":false},"author":1,"featured_media":0,"parent":2913,"menu_order":1,"comment_status":"closed","ping_status":"closed","template":"","meta":{"footnotes":"","_links_to":"","_links_to_target":""},"class_list":["post-3234","page","type-page","status-publish","hentry"],"_links":{"self":[{"href":"https:\/\/stadt-hohenberg.de\/index.php\/wp-json\/wp\/v2\/pages\/3234"}],"collection":[{"href":"https:\/\/stadt-hohenberg.de\/index.php\/wp-json\/wp\/v2\/pages"}],"about":[{"href":"https:\/\/stadt-hohenberg.de\/index.php\/wp-json\/wp\/v2\/types\/page"}],"author":[{"embeddable":true,"href":"https:\/\/stadt-hohenberg.de\/index.php\/wp-json\/wp\/v2\/users\/1"}],"replies":[{"embeddable":true,"href":"https:\/\/stadt-hohenberg.de\/index.php\/wp-json\/wp\/v2\/comments?post=3234"}],"version-history":[{"count":46,"href":"https:\/\/stadt-hohenberg.de\/index.php\/wp-json\/wp\/v2\/pages\/3234\/revisions"}],"predecessor-version":[{"id":4670,"href":"https:\/\/stadt-hohenberg.de\/index.php\/wp-json\/wp\/v2\/pages\/3234\/revisions\/4670"}],"up":[{"embeddable":true,"href":"https:\/\/stadt-hohenberg.de\/index.php\/wp-json\/wp\/v2\/pages\/2913"}],"wp:attachment":[{"href":"https:\/\/stadt-hohenberg.de\/index.php\/wp-json\/wp\/v2\/media?parent=3234"}],"curies":[{"name":"wp","href":"https:\/\/api.w.org\/{rel}","templated":true}]}}